 is divided by (-8)/((-9)/(-12)*(-8)/12).
13
Suppose -5*r - 2*w + 22 = 0, 0 = 3*r - 8*r + 4*w + 46. Suppose 4*p + r = 82. What is the remainder when p is divided by 4?
3
Suppose g = 3 + 1. Suppose 3*l + 4*y + 13 - 41 = 0, y = g*l - 69. Let j = 36 - l. What is the remainder when 78 is divided by j?
18
Suppose -x + 3*h = 5*h - 262, -4*h = -x + 232. Suppose -7*p + 2*p = 3*s - 424, 3*p = -3*s + x. Calculate the remainder when p is divided by 29.
28
Calculate the remainder when 478 is divided by 4/(-22) - 145/(-11).
10
Let s(f) = -8*f + 100. Calculate the remainder when s(8) is divided by 12.
0
Let t = 10 + -7. Let p = 0 - t. What is the remainder when 47 is divided by 32/p*6/(-4)?
15
Suppose 3*v = -5*j + 21, 0 = -5*v - 4*j - 3 + 25. Suppose i - 3*d = -4*d + 11, 0 = -3*i - v*d + 33. Calculate the remainder when 64 is divided by i.
9
Suppose 3*x = 4*q + 44, q - 11 = -2*x - 0. Calculate the remainder when 15 is divided by x.
7
Let j = -1244 + 1477. Calculate the remainder when j is divided by 28.
9
Calculate the remainder when 27/63*21 + 55 is divided by (66/4)/(2/4).
31
Suppose 0 = -2*v + 16 + 12. Let j(n) = n**3 - 8*n**2 + 93*n - 549. What is the remainder when j(7) is divided by v?
11
Let m be (5 - -1) + (-2)/2. Let i(s) = -3*s + 10. Let q be i(-11). Suppose m*j - 358 = -q. Calculate the remainder when j is divided by 22.
19
Let a(m) = -2*m**2 + 11*m - 21. Let v be a(10). Calculate the remainder when (v/(-6)*2)/(2 + -1) is divided by 19.
18
Let r = -419 + 524. What is the remainder when r is divided by 18?
15
Suppose 3*j - 16*r = -21*r + 245, -2*j + r = -172. Calculate the remainder when 594 is divided by j.
84
Let g(c) = 5*c**2 + 9*c + 9. Suppose -4*f - 10 = 4*p - 2, -p + 8 = -f. What is the remainder when g(f) is divided by 140/6 - 1/3?
20
Let r(o) = -o**3 - 16*o**2 - 32*o - 31. Calculate the remainder when r(-15) is divided by 50.
24
Let w(b) = b**2 + 4*b + 3. Let f(c) = -c**3 - 5*c**2 + 16*c - 21. What is the remainder when f(-8) is divided by w(-6)?
13
Suppose 4*d = 93 + 63. Suppose 3*o = 4*o - d. Calculate the remainder when 154 is divided by o.
37
What is the remainder when 243 is divided by 1 + (0 - 3) + 2 + 83?
77
Let z = 131 + -124. Suppose s - 8 = 19. What is the remainder when s is divided by z?
6
Let w = -4 + 9. Let n be 2*(-2 - 0)/2. What is the remainder when (-89)/(-7) + n/(-7) is divided by w?
3
Suppose 2*r - 5*w = 3, r + 2*r + 4*w - 62 = 0. Calculate the remainder when 15 is divided by r.
1
Let m(d) = -d - 11. Let c be m(-13). Suppose -2 = -c*s + 2. Calculate the remainder when s is divided by 1.
0
Suppose 0 = -o - 0*o - 5*m - 20, 5*o - 5*m = 50. Suppose 0*s + 4*s - 58 = -2*h, 2*h + 95 = o*s. Calculate the remainder when 50 is divided by s.
16
Let o(x) = -11*x + 8. Let l(q) = q. Let a(m) = -6*l(m) - o(m). What is the remainder when 45 is divided by a(4)?
9
Let y be 2*(3 + (-5)/10). Suppose 3*q + 0 - 3 = -3*l, -20 = y*l. Suppose 70 = q*x - 20. Calculate the remainder when 33 is divided by x.
15
Suppose 5*j = -m + 22, 3*j - j = 2*m + 4. Suppose m*a + 5 = 5*p - 56, 0 = -2*p - a + 28. Let y = -26 - -75. What is the remainder when y is divided by p?
10
Suppose -4*g = -5*y + 894, -2*g - 268 = -5*y + 624. What is the remainder when y is divided by 6/21 - 626/(-14)?
43
Suppose -4*l + 18 = -6. Suppose -4*u + 8*u = 4*t + 56, 0 = -4*u - 2*t + 86. What is the remainder when u is divided by l?
1
Suppose 2*q + 3*q = -3*f + 5, 2*q - f = 2. Let i = 8 + -4. Let m = i - 1. What is the remainder when m is divided by q?
0
Let d(x) be the first derivative of x**4/4 + 13*x**3/3 + 5*x**2/2 + 2*x - 4. What is the remainder when d(-12) is divided by 44?
42
Suppose -5*p + 26 = 6. Suppose 7*l = p*l + 24. Calculate the remainder when l is divided by 6.
2
Suppose 3*z - 8*z = -10, 5*z = 3*a - 350. Suppose 21 = 3*v - a. Calculate the remainder when v is divided by 5.
2
Let p(z) = -3*z**2 + 8*z - 3. Let x be p(3). Let f = x - -27. What is the remainder when f is divided by 14?
7
Let y be (-41)/(-4)*1 + 6/(-24). Suppose -5*f + y*f = 60. What is the remainder when f is divided by 4?
0
Let l(b) be the second derivative of b**3/2 + 5*b**2/2 + 10*b. Suppose d = 6*d - 45. Calculate the remainder when l(3) is divided by d.
5
Suppose -20*k + 23*k - 570 = 0. Calculate the remainder when k is divided by 36.
10
Let y = 242 + 153. Calculate the remainder when y is divided by 16.
11
Suppose -54 = -2*l - 2*v, 9 + 111 = 4*l + v. Calculate the remainder when 617 is divided by l.
28
Let p(r) = 9*r**2 - 10*r - 148. Calculate the remainder when p(-9) is divided by 112.
111
Let t be (2 - 3/2)*(-1 + 5). Suppose 0 = -5*c + 6*g - t*g + 72, -4*c - g = -66. Calculate the remainder when 46 - (-4 - 0)/(-2) is divided by c.
12
Let y = -18 - -27. Calculate the remainder when 46 is divided by (-96)/y*9/(-6).
14
Let w(g) = -g**3 - 8*g**2 - 10*g - 9. Let x = 11 - 18. What is the remainder when 56 is divided by w(x)?
8
Let c = -2 - -4. Let n be (-12 + 32)/(-1 + c). Suppose -6*v + n = -v. What is the remainder when 10 is divided by v?
2
Let k = 22 + 25. Let q = 54 + -29. What is the remainder when k is divided by q?
22
Let s(m) = m**3 + 26*m**2 + 36*m - 46. Calculate the remainder when s(-20) is divided by 15.
14
Let k(f) = f**2 - 15*f + 16. Let h be k(14). Suppose -h = 2*v - 4*v. Let o = -1 - -2. What is the remainder when v is divided by o?
0
Let s be (-8)/(-6)*(-6)/(-2). Let v be 0/(6/6*1). Suppose 0 = 3*j - 4*y + 3*y - 23, v = 4*j + s*y - 36. Calculate the remainder when 14 is divided by j.
6
Suppose -7*g + 3*g + 52 = 0. Let x = -35 - 37. What is the remainder when -2*x/((-15)/(-5)) is divided by g?
9
Let q = -18 + 42. Let r(y) = -19*y - 3. What is the remainder when r(-5) is divided by q?
20
Let d be (0 - 1) + 1 - (4 - -182). Let x = -130 - d. What is the remainder when x is divided by 12?
8
Suppose 0 = 13*h - 14 - 12. Suppose -h*n + 2*z = -18, 0*n - n = 3*z + 7. What is the remainder when n is divided by 4?
1
Suppose 201*f + 5*c = 205*f - 1171, -1181 = -4*f + 3*c. Calculate the remainder when f is divided by 30.
29
Let w = -7 - -9. Let m = 30 - 14. Let y = m + -12. What is the remainder when y is divided by w?
0
Let d = -16 + 16. Suppose 9 = -l - d. Let u = l + 33. What is the remainder when 71 is divided by u?
23
Let w(z) = -z**3 - 4*z**2 + 4*z + 3. Let v be w(-3). What is the remainder when 189 is divided by (v/4)/(3/(-32))?
45
Let h(c) = c - 1. Let w be h(2). Let s be -118*4/8*w. Let i = -32 - s. What is the remainder when i is divided by 10?
7
Suppose 2*j = -4*q + 53 + 365, 3*j - 3*q = 672. What is the remainder when j is divided by 14?
9
Let j(l) be the third derivative of l**6/120 - 13*l**5/60 - 49*l**4/24 + 19*l**3/6 + 3*l**2 + 6. What is the remainder when 6 is divided by j(16)?
0
Suppose 5*c - a - 893 = 0, -16*c = -15*c + 3*a - 185. Calculate the remainder when c is divided by 45.
44
Suppose 5*i = 34 + 161. Let z(s) = -s**3 + 17*s**2 - 22*s + 29. Let h be z(16). Let p = h + 81. Calculate the remainder when i is divided by p.
11
Let v(b) = -b**3 + 10*b**2 + 8*b - 33. Calculate the remainder when 48 is divided by v(10).
1
Let b be (-36)/(-4)*-1*1. Let k(m) = m + 4. Let v(y) = 11*y - 8. Let h(i) = 4*k(i) - v(i). What is the remainder when h(b) is divided by 30?
27
Let u(z) = 6*z + 5. Let s(j) = -1. Let v(o) = -4*s(o) - u(o). What is the remainder when v(-6) is divided by 3/24*2 + 235/20?
11
Let p = 84 - 17. Suppose -5*u = 17 - p. What is the remainder when (-110)/(-4) + 3/6 is divided by u?
8
Suppose 0*z - 840 = -10*z. Suppose -108*l - z = -111*l. Suppose a - 3*y - 161 = -39, -5*a + 530 = 5*y. Calculate the remainder when a is divided by l.
26
Let g(a) = -7*a + 1. Let f be g(-5). Let o = f + -17. What is the remainder when o is divided by (-290)/(-26) + (-15)/(195/2)?
8
Suppose 35*c - 33*c + 5*p - 161 = 0, 3*c - 5*p - 254 = 0. What is the remainder when 328 is divided by c?
79
Suppose -36 = -6*c + 306. Suppose 6*m - 51 = c. What is the remainder when 69 is divided by m?
15
Let d(j) = j**2 - 2*j + 47. What is the remainder when d(0) is divided by (6/(-5))/((-12)/80)?
7
Let k = 1169 + -815. Calculate the remainder when k is divided by 71.
70
Let n = 239 + -234. Calculate the remainder when 50 is divided by n.
0
Let f = -2634 + 2806. What is the remainder when f is divided by (7/(